-o**3 + 5*o**2 - 5*o + 3. Let y be p(4). Let i(u) be the first derivative of -7*u**2/2 - u + 2. What is the units digit of i(y)?
6
Let o(h) = -13*h**3 + h**2. Let t be o(-1). Let g = t - 1. What is the units digit of g?
3
Let v = 716 + -481. Let y = v + -40. What is the hundreds digit of y?
1
Let g = 1021 + -2. What is the hundreds digit of g?
0
Suppose 991 = 10*x - 709. Let z be 0/5*2/(-6). Suppose -5*i = -z*i - x. What is the tens digit of i?
3
Suppose -6*m - 84 = 12. What is the tens digit of (-9 - -12) + m/(-2)?
1
Let g be (0 - -2)*3/3. Suppose -2*y + 11 = 3*a - 8, -g*a + 4*y = 14. Suppose -34 = -2*b - 5*m, -a*b - 2*m - 85 = -8*b. What is the tens digit of b?
1
Let g = -5 - -7. Suppose g*a + u = -2*a + 117, 0 = u - 5. What is the tens digit of 83/4 - (-7)/a?
2
Suppose 39 - 43 = -2*k. Suppose k*z - z = 3*v + 42, 0 = z + 3*v - 12. What is the units digit of z?
7
Suppose 4*n = 250 + 14. What is the tens digit of n?
6
Suppose 15*n - 7227 = 4128. What is the hundreds digit of n?
7
Let h = 1159 - 514. What is the hundreds digit of h?
6
Let y(n) be the second derivative of 2*n**4/3 + n**3/3 + 3*n**2 - 7*n. Let d(p) be the first derivative of y(p). What is the tens digit of d(2)?
3
Let b(y) = -y**3 - 9*y**2 - 6*y + 19. Let i be b(-8). Suppose 2*k + k - 2*p - 197 = 0, 2*k = -i*p + 114. What is the units digit of k?
3
Let c(q) = -q. Let b be c(-2). Let k be (b - (-54 - 4)) + 3. Let p = -6 + k. What is the units digit of p?
7
Let y(c) = -2*c**2 + c + 548. Let u be y(0). Suppose u = 7*n - 1300. What is the hundreds digit of n?
2
Let b(r) = 22*r**2 - r + 11. What is the hundreds digit of b(-5)?
5
Suppose -13*b = -72*b + 140066. What is the tens digit of b?
7
What is the tens digit of -4 + 88/24 - 4201/(-3)?
0
Let c(s) = 145*s + 580. What is the thousands digit of c(11)?
2
Suppose 13*d - 11*d + 272 = 0. What is the units digit of (2 - -1)/((-12)/d)?
4
Suppose -2379 + 264 = 9*u. Let k = u + 366. What is the tens digit of k?
3
Let m = -1392 - -2577. What is the hundreds digit of m?
1
Let l = 1232 + 1704. What is the thousands digit of l?
2
Suppose 1046 - 281 = 5*h. Let j be (0 + h)/3 + 4. Let q = j - 32. What is the tens digit of q?
2
Let l be 1/(1/(-14)) + -3. Let t be (-2)/(-3) + 88/(-24). Let m = t - l. What is the tens digit of m?
1
Let m be -9 + 11 - (3 + -1). Suppose m = -4*b + 2*o + 12, 5*b - 2*o = -3*o + 15. Suppose r - 20 = -2*l, 0 = 5*l - 0*r + b*r - 48. What is the tens digit of l?
1
Let q(n) = -n + 13. Let f be q(11). Suppose -f*t = -5*t + 177. What is the tens digit of t?
5
Suppose -4*t + 0*t + 12 = 0. Suppose 82 = y - t*f, y + y - 129 = -f. What is the tens digit of y?
6
Let h(s) = 7*s**3 - 12*s**2 + s - 18. Let p(a) = a**3 + a**2. Let w(l) = h(l) - 6*p(l). Let u be w(18). Let c = u - -1. What is the units digit of c?
1
What is the units digit of 28663/(-10)*-1 + (-228)/760?
6
Let v = -19 - -19. Suppose v = -j - n + 12, 0*j + 4 = j + 3*n. What is the units digit of j?
6
Suppose 2*s + 5*j = 30, -3*s + 6*j - 2*j - 1 = 0. Suppose -25 = -q - c, 2*q + 18 - 80 = -s*c. What is the units digit of (q*-4 - -2)/(-2)?
1
What is the hundreds digit of 5137/66*4 + (-2)/6?
3
Suppose 4*z - 4*c = 8, -6*z - 4*c = -3*z - 13. Suppose 5*w + 159 = 4*l, -w - z*l + 4*l - 31 = 0. What is the tens digit of ((-427)/w)/((-2)/(-10))?
6
Let z = 741 + -325. What is the units digit of z?
6
Suppose -16*g + 17*g + 4 = 0. Let r(k) = k**3 + 4*k**2 - 2*k + 2. Let v be r(g). Suppose 0 = -v*c + 7*c + 6. What is the units digit of c?
2
Let j(o) be the first derivative of o**3/3 - 3*o**2/2 + 3*o - 10. Let p = -10 - -6. What is the units digit of j(p)?
1
Suppose -3*j + 7*j = 12, -4*v + 5*j = -14941. What is the hundreds digit of v?
7
Suppose 0*d + d = 4*v + 37, 4*d + 41 = -5*v. What is the units digit of 6/v - (-458)/3?
2
Suppose 4*q = 2*v + 14, -q - q - 2*v = 2. Suppose q*u = -u. Suppose 4*y = -2*n + 56, u*n - 52 = -2*n - 2*y. What is the units digit of n?
4
Let j be (2/(-1 - -3))/(5/95). Let c = -24 + 50. Suppose 3*v - c = j. What is the units digit of v?
5
Let b(j) = -j**2 - 12*j - 15. Let t be b(-8). Let x = t - 16. What is the units digit of (-1)/(x - 1 - 1)?
1
Let r(m) = -2328*m**2 - 2. Let v be r(1). What is the units digit of 4/(-14) + v/(-70)?
3
Suppose -i + 5815 = 2*i + 4*g, -5*g = -2*i + 3915. What is the tens digit of i?
4
Let j(h) = -h**3 + 28*h**2 - 74*h + 30. What is the tens digit of j(19)?
7
Suppose -53*h + 19097 = -107785. What is the thousands digit of h?
2
Let h(f) = f**2 - 9*f - 9. Let w be h(9). What is the hundreds digit of (2 - 12/15)*(-870)/w?
1
Let c be -3 - ((3 - 1) + -15). Let t = -6 - c. Let b = t + 45. What is the units digit of b?
9
Let k = -14 - -11. Let v be k*(-1 + -3)/12. Suppose v = 2*s - 1. What is the units digit of s?
1
Let w = 759 - 535. What is the hundreds digit of w?
2
Suppose -3*i = 2*w - 318, w - 31 = i - 132. What is the units digit of i?
4
Let v be (-5 + 10)/5 + 0. What is the tens digit of (-1)/(-1)*(32 - (1 + v))?
3
What is the hundreds digit of 58/(-1131) - (-189076)/78?
4
Suppose 59*l = 56*l + 1263. What is the units digit of l?
1
Suppose 20 = x - q, 66 = 4*x + 4*q - q. Suppose 0 = 3*g - x - 66. What is the tens digit of g?
2
Let m(q) = 29*q**2 - q - 5. Let h be m(-2). Let z = h + -77. What is the tens digit of z?
3
Suppose 2*o - 4*s = -5*s + 1, -o = 2*s + 1. Let u be (o/(-2) - -1)*-4. Let w = 9 + u. What is the units digit of w?
7
Let h be 8 + 4 + -8 + 4. What is the tens digit of 166 - h/10*5?
6
Let b(n) = -n**3 + 10*n**2 + n - 8. Let t(p) = 2*p - 6. Let i be t(8). What is the units digit of b(i)?
2
Suppose -5*n - 14 = -3*p, -2*p + n = -1 - 20. Let r = 15 - p. Suppose -323 = -5*f + r*s, -2*f - 2*s + 37 + 81 = 0. What is the tens digit of f?
6
Suppose -2*v + 3*v = 5. Let t = -204 + 206. What is the tens digit of 18*v*t/15?
1
Suppose -8*i + 16014 = -3522. What is the tens digit of i?
4
Suppose 0 = -2*o - 0*o - 2, 3*j - 2*o = 8. Suppose j*u - 146 = -3*s, -2*s - 2*s = -5*u + 342. What is the units digit of u?
0
Suppose d + 2*f - 8 = 0, 0 = -2*d - 3*f + 6*f + 30. Let o = d + 10. What is the units digit of o?
2
Let o = -599 - -1481. What is the tens digit of o?
8
What is the hundreds digit of ((-217)/(-4))/((-23)/(-184))?
4
Suppose -2*h + 5*h + 9 = 0, 5*h + 63 = -3*n. Let v = n - -47. What is the tens digit of v?
3
Let m = -1835 - -2685. What is the hundreds digit of m?
8
Suppose -a = 2*w - 212, 3*w - 2*a - 408 = -w. Let o = w - -14. What is the hundreds digit of o?
1
Let r(b) = 4*b**2 + 19*b - 4. What is the hundreds digit of r(-17)?
8
Let o be 305 + 3 + 2/(-1) - 1. Suppose 7*n - o - 143 = 0. What is the tens digit of n?
6
Suppose 4*d - 10 = -t, 6*d - 5*t = 2*d + 22. Suppose -d*m + 66 - 16 = 4*z, -m = 4*z - 22. Let r = -1 + m. What is the units digit of r?
3
Suppose -p - 4*x = -49 - 117, 4*x - 8 = 0. Let n = p + -73. What is the units digit of n?
5
Let h = 68 + -22. What is the units digit of h?
6
Let s(n) = -4*n**3 + 12*n**2 + n - 12. Let t(w) = -5*w**3 + 13*w**2 + w - 12. Let p(x) = 6*s(x) - 5*t(x). What is the units digit of p(-5)?
3
Let n(o) = o**3 - 7*o**2 + 9*o. Let w be n(6). Let i = 7 + w. What is the tens digit of i?
2
Let z = -35 - -31. What is the tens digit of ((1776/(-21))/z)/((-2)/(-7))?
7
Suppose 0 = -4*f + 4*v + v + 34, 20 = 2*f - v. Let n(t) = t**3 - 11*t**2 + 11*t + 20. What is the hundreds digit of n(f)?
1
Let p(w) = -w**2 + 14*w - 27. What is the units digit of p(8)?
1
Let q = 24 - 42. Let k = 58 - 69. Let h = k - q. What is the units digit of h?
7
Suppose -v - 12*y + 165 = -7*y, v = -y + 153. Suppose -v - 330 = -5*s - u, 2*u - 475 = -5*s. What is the units digit of s?
7
Let l be (-10)/6 - (-24)/36. Let k be (6 - 3)*l + 0. What is the units digit of 4 + 7 + k*1?
8
Let m(h) = -14*h - 3. Let c = -1 + -15. Let y = c + 14. What is the tens digit of m(y)?
2
Let x be 5 + (0 - 0) + 0. Let j(h) = -h**2 - h + 3. Let d be j(-2). Suppose p - x*i = d, 3*p - 3*i - 29 = -2. What is the units digit of p?
1
Suppose -1292*h - 50576 = -1308*h. What is the thousands digit of h?
3
Let l(x) = -2 - 6*x + 41*x - 4. What is the tens digit of l(2)?
6
Let a(k) = -2*k**3 - 2*k**2 - 3*k + 3. Let w be (4/2 - 8)/2. Let t be a(w). Suppose -f - t = -3*f. What is the units digit of f?
4
Let s = 117 - 73. What is the units digit of s?
4
Suppose 